{"id":4493,"date":"2022-07-12T11:32:14","date_gmt":"2022-07-12T09:32:14","guid":{"rendered":"https:\/\/caup.umh.es\/?page_id=4493"},"modified":"2024-11-08T09:02:23","modified_gmt":"2024-11-08T08:02:23","slug":"tfg","status":"publish","type":"page","link":"https:\/\/caup.umh.es\/ca\/tfg\/","title":{"rendered":"<span lang=\"es\">(Espa\u00f1ol) TFG<\/span>"},"content":{"rendered":"<p><\/p>\n<h3>Informaci\u00f3n general<\/h3>\n<p>En el Doble Grau en Comunicaci\u00f3 Audiovisual i Periodisme (CAUP), inclouen dues assignatures de Treball de Fin de Grau (TFG), el de Comunicaci\u00f3 Audiovisual i el de Periodisme.<\/p>\n<p>Ambos treballs permetran a l&#8217;estudiant mostrar de forma integrada els continguts formatius rebuts i les compet\u00e8ncies adquirides associades als dos t\u00edtols. Haur\u00e0 de realitzar-se sota l&#8217;orientaci\u00f3 d&#8217;un o diversos tutors, de manera aut\u00f2noma i personal, fent servir part independent d&#8217;un conjunt de treball entre estudiants d&#8217;una mateixa titulaci\u00f3 o de diferents titulacions.<\/p>\n<p>Per poder efectuar la matr\u00edcula de cada un dels TFG i disposar d&#8217;un tutor o tutora, ser\u00e0 la condici\u00f3 necess\u00e0ria haver obtingut m\u00e9s de 180 cr\u00e8dits (d&#8217;assignatures basics and obligatorias) i haver aprovat les assignatures que corresponen al 1\u00ba i 2\u00ba curs de cada una. de les titulacions.<\/p>\n<p><strong>Podeu trobar tota la informaci\u00f3 als seg\u00fcents enlla\u00e7os:<\/strong><\/p>\n<ul>\n<li style=\"list-style-type: none\">\n<ul>\n<li><a title=\"CALENDARIO DEL TFG\" href=\"https:\/\/periodismo.umh.es\/tfg\/calendario-del-tfg\/\">CALENDARI<\/a><\/li>\n<li><a href=\"https:\/\/gradocau.umh.es\/tfg-2\/gestion-tfg\/\">GESTI\u00d3<\/a><\/li>\n<li><a href=\"https:\/\/docs.google.com\/document\/d\/1PxkSF0PgkKWMrdgk3lQi1VsQjRMvsIe5sfgB9cH8XYo\/edit\" target=\"_blank\" rel=\"noopener noreferrer\">GU\u00cdA DE PERIODISMO<\/a><\/li>\n<li><a href=\"https:\/\/gradocau.umh.es\/files\/2020\/10\/Guia-elaboracion-TFG_CAU.pdf\">GU\u00cdA DE CAU<\/a><\/li>\n<li><a title=\"NOVEDADES DEL TFG\" href=\"https:\/\/caup.umh.es\/category\/tfg\/\">NOVETATS DEL TFG<\/a><\/li>\n<li><a title=\"MATERIALES DEL TFG\" href=\"https:\/\/gradocau.umh.es\/tfg-2\/materiales-tfg\/\">MATERIALS DEL TFG<\/a><\/li>\n<\/ul>\n<\/li>\n<\/ul>\n<p><\/p>","protected":false},"excerpt":{"rendered":"<p>Informaci\u00f3n general<br \/>\nEn el Doble Grau en Comunicaci\u00f3 Audiovisual i Periodisme (CAUP), inclouen dues assignatures de Treball de Fin de Grau (TFG), el de Comunicaci\u00f3 Audiovisual i el de Periodisme.<br \/>\nAmbos treballs permetran a l&#8217;estudiant mostrar de forma integrada els continguts formatius rebuts i les compet\u00e8ncies adquirides associades als dos t\u00edtols. Haur\u00e0 de realitzar-se sota l&#8217;orientaci\u00f3 d&#8217;un [&#8230;]<\/p>\n","protected":false},"author":2641,"featured_media":0,"parent":0,"menu_order":50,"comment_status":"closed","ping_status":"closed","template":"","meta":{"_links_to":"","_links_to_target":""},"_links":{"self":[{"href":"https:\/\/caup.umh.es\/ca\/wp-json\/wp\/v2\/pages\/4493"}],"collection":[{"href":"https:\/\/caup.umh.es\/ca\/wp-json\/wp\/v2\/pages"}],"about":[{"href":"https:\/\/caup.umh.es\/ca\/wp-json\/wp\/v2\/types\/page"}],"author":[{"embeddable":true,"href":"https:\/\/caup.umh.es\/ca\/wp-json\/wp\/v2\/users\/2641"}],"replies":[{"embeddable":true,"href":"https:\/\/caup.umh.es\/ca\/wp-json\/wp\/v2\/comments?post=4493"}],"version-history":[{"count":0,"href":"https:\/\/caup.umh.es\/ca\/wp-json\/wp\/v2\/pages\/4493\/revisions"}],"wp:attachment":[{"href":"https:\/\/caup.umh.es\/ca\/wp-json\/wp\/v2\/media?parent=4493"}],"curies":[{"name":"wp","href":"https:\/\/api.w.org\/{rel}","templated":true}]}}

<span lang="es">(Español) TFG</span>

<p></p>
<h3>Información general</h3>
<p>En el Doble Grau en Comunicació Audiovisual i Periodisme (CAUP), inclouen dues assignatures de Treball de Fin de Grau (TFG), el de Comunicació Audiovisual i el de Periodisme.</p>
<p>Ambos treballs permetran a l&#8217;estudiant mostrar de forma integrada els continguts formatius rebuts i les competències adquirides associades als dos títols. Haurà de realitzar-se sota l&#8217;orientació d&#8217;un o diversos tutors, de manera autònoma i personal, fent servir part independent d&#8217;un conjunt de treball entre estudiants d&#8217;una mateixa titulació o de diferents titulacions.</p>
<p>Per poder efectuar la matrícula de cada un dels TFG i disposar d&#8217;un tutor o tutora, serà la condició necessària haver obtingut més de 180 crèdits (d&#8217;assignatures basics and obligatorias) i haver aprovat les assignatures que corresponen al 1º i 2º curs de cada una. de les titulacions.</p>
<p><strong>Podeu trobar tota la informació als següents enllaços:</strong></p>
<ul>
<li style="list-style-type: none">
<ul>
<li><a title="CALENDARIO DEL TFG" href="https://periodismo.umh.es/tfg/calendario-del-tfg/">CALENDARI</a></li>
<li><a href="https://gradocau.umh.es/tfg-2/gestion-tfg/">GESTIÓ</a></li>
<li><a href="https://docs.google.com/document/d/1PxkSF0PgkKWMrdgk3lQi1VsQjRMvsIe5sfgB9cH8XYo/edit" target="_blank" rel="noopener noreferrer">GUÍA DE PERIODISMO</a></li>
<li><a href="https://gradocau.umh.es/files/2020/10/Guia-elaboracion-TFG_CAU.pdf">GUÍA DE CAU</a></li>
<li><a title="NOVEDADES DEL TFG" href="https://caup.umh.es/category/tfg/">NOVETATS DEL TFG</a></li>
<li><a title="MATERIALES DEL TFG" href="https://gradocau.umh.es/tfg-2/materiales-tfg/">MATERIALS DEL TFG</a></li>
</ul>
</li>
</ul>
<p></p>

<p>Información general<br />
En el Doble Grau en Comunicació Audiovisual i Periodisme (CAUP), inclouen dues assignatures de Treball de Fin de Grau (TFG), el de Comunicació Audiovisual i el de Periodisme.<br />
Ambos treballs permetran a l&#8217;estudiant mostrar de forma integrada els continguts formatius rebuts i les competències adquirides associades als dos títols. Haurà de realitzar-se sota l&#8217;orientació d&#8217;un [&#8230;]</p>
